NOAA-Style Climate Reports
Select a Year or Month report
2024: Jan Feb Mar Apr May Jun Jul Aug Sep Oct Nov Dec
2023: Jan Feb Mar Apr May Jun Jul Aug Sep Oct Nov Dec
2022: Jan Feb Mar Apr May Jun Jul Aug Sep Oct Nov Dec
2021: Jan Feb Mar Apr May Jun Jul Aug Sep Oct Nov Dec
2020: Jan Feb Mar Apr May Jun Jul Aug Sep Oct Nov Dec
2019: Jan Feb Mar Apr May Jun Jul Aug Sep Oct Nov Dec
2018: Jan Feb Mar Apr May Jun Jul Aug Sep Oct Nov Dec
2017: Jan Feb Mar Apr May Jun Jul Aug Sep Oct Nov Dec
2016: Jan Feb Mar Apr May Jun Jul Aug Sep Oct Nov Dec
2015: Jan Feb Mar Apr May Jun Jul Aug Sep Oct Nov Dec
2014: Jan Feb Mar Apr May Jun Jul Aug Sep Oct Nov Dec
2013: Jan Feb Mar Apr May Jun Jul Aug Sep Oct Nov Dec
2012: Jan Feb Mar Apr May Jun Jul Aug Sep Oct Nov Dec
2011: Jan Feb Mar Apr May Jun Jul Aug Sep Oct Nov Dec
2010: Jan Feb Mar Apr May Jun Jul Aug Sep Oct Nov Dec
2009: Jan Feb Mar Apr May Jun Jul Aug Sep Oct Nov Dec
2008: Jan Feb Mar Apr May Jun Jul Aug Sep Oct Nov Dec
2007: Jan Feb Mar Apr May Jun Jul Aug Sep Oct Nov Dec
2006: Jan Feb Mar Apr May Jun Jul Aug Sep Oct Nov Dec
2024: Jan Feb Mar Apr May Jun Jul Aug Sep Oct Nov Dec
2023: Jan Feb Mar Apr May Jun Jul Aug Sep Oct Nov Dec
2022: Jan Feb Mar Apr May Jun Jul Aug Sep Oct Nov Dec
2021: Jan Feb Mar Apr May Jun Jul Aug Sep Oct Nov Dec
2020: Jan Feb Mar Apr May Jun Jul Aug Sep Oct Nov Dec
2019: Jan Feb Mar Apr May Jun Jul Aug Sep Oct Nov Dec
2018: Jan Feb Mar Apr May Jun Jul Aug Sep Oct Nov Dec
2017: Jan Feb Mar Apr May Jun Jul Aug Sep Oct Nov Dec
2016: Jan Feb Mar Apr May Jun Jul Aug Sep Oct Nov Dec
2015: Jan Feb Mar Apr May Jun Jul Aug Sep Oct Nov Dec
2014: Jan Feb Mar Apr May Jun Jul Aug Sep Oct Nov Dec
2013: Jan Feb Mar Apr May Jun Jul Aug Sep Oct Nov Dec
2012: Jan Feb Mar Apr May Jun Jul Aug Sep Oct Nov Dec
2011: Jan Feb Mar Apr May Jun Jul Aug Sep Oct Nov Dec
2010: Jan Feb Mar Apr May Jun Jul Aug Sep Oct Nov Dec
2009: Jan Feb Mar Apr May Jun Jul Aug Sep Oct Nov Dec
2008: Jan Feb Mar Apr May Jun Jul Aug Sep Oct Nov Dec
2007: Jan Feb Mar Apr May Jun Jul Aug Sep Oct Nov Dec
2006: Jan Feb Mar Apr May Jun Jul Aug Sep Oct Nov Dec
Report for 2019 August
Monthly Climatological Summary for Aug 2019 Name: AR573 City: Poughkeepsie State: New York Elevation: 308 ft Lat: N 41 37 04 Lon: W 073 55 27 Temperature (°F), Rain (in), Wind Speed (mph) Heat Cool Avg Mean Deg Deg Wind Dom Day Temp High Time Low Time Days Days Rain Speed High Time Dir ---------------------------------------------------------------------------------- 01 75.7 88.2 14:43 65.5 01:40 0.0 2.0 0.00 0.2 10.8 15:37 WSW 02 75.4 89.0 15:07 63.6 06:55 0.0 1.7 0.00 0.1 8.4 14:17 WSW 03 75.2 89.1 16:23 66.1 05:06 0.0 2.0 0.05 0.4 10.8 12:49 SSE 04 73.7 86.1 14:06 64.6 04:13 0.0 0.8 0.04 0.1 7.2 12:49 SW 05 72.7 85.0 16:20 59.8 06:37 0.0 0.7 0.00 0.2 7.2 15:16 SW 06 71.9 83.1 16:15 62.5 04:54 0.0 0.2 0.20 0.1 6.0 11:33 SE 07 72.9 86.9 13:36 66.5 04:38 0.0 0.5 0.22 0.1 8.4 18:51 SSW 08 73.5 86.8 14:23 64.2 23:58 0.0 1.3 0.01 0.8 21.6 18:29 SW 09 72.4 84.2 15:19 62.6 04:37 0.0 0.6 0.01 0.7 14.4 12:57 SW 10 69.4 79.6 15:29 59.5 03:08 0.0 0.0 0.00 1.0 19.2 10:14 SSW 11 69.7 82.6 14:23 55.6 06:55 0.6 0.2 0.00 0.2 10.8 12:49 SW 12 73.3 87.5 16:41 58.1 04:49 0.2 1.6 0.00 0.4 12.0 15:40 SW 13 73.0 80.3 16:09 69.0 12:58 0.0 0.0 0.10 0.1 12.0 12:11 SW 14 72.2 81.6 17:10 67.4 12:48 0.0 0.1 0.14 0.1 9.6 11:16 NW 15 72.5 87.3 14:13 61.5 05:02 0.0 0.7 0.00 0.1 6.0 12:37 SW 16 72.8 85.4 15:18 61.8 04:58 0.0 0.7 0.07 0.3 9.6 14:17 SW 17 76.4 88.9 16:51 67.5 23:49 0.0 1.9 1.22 0.2 14.4 20:51 SW 18 74.3 91.8 15:25 66.2 04:53 0.0 1.9 0.48 0.3 20.4 19:26 SSW 19 76.6 91.1 14:25 64.5 04:54 0.0 2.7 0.01 0.3 12.0 13:13 SW 20 78.3 89.1 16:29 67.4 04:52 0.0 2.4 0.00 0.1 8.4 16:36 SW 21 75.7 86.1 15:35 69.5 04:44 0.0 0.8 0.68 0.1 10.8 17:42 WSW 22 75.2 89.9 14:10 67.0 05:00 0.0 1.4 0.15 0.2 12.0 15:26 SW 23 68.5 76.5 14:38 61.6 23:58 0.0 0.0 0.00 0.0 6.0 14:14 WNW 24 65.3 76.4 14:49 54.7 05:02 1.0 0.0 0.00 0.2 9.6 09:51 NNW 25 66.0 75.7 15:29 57.7 23:59 0.0 0.0 0.00 0.5 10.8 12:56 E 26 64.3 78.3 14:17 51.8 04:46 1.9 0.0 0.00 0.1 7.2 11:21 E 27 64.8 75.5 16:03 54.0 04:58 1.1 0.0 0.00 0.1 8.4 14:08 SW 28 70.1 82.9 13:48 60.8 04:35 0.0 0.1 0.30 0.2 7.2 22:54 SE 29 70.1 81.6 12:59 60.0 07:19 0.0 0.1 0.00 0.4 12.0 15:17 SSW 30 71.2 85.0 13:35 55.9 04:13 0.7 0.8 0.00 0.5 14.4 11:02 SW 31 69.2 78.5 13:53 59.7 23:58 0.0 0.0 0.00 0.1 7.2 10:21 WNW ---------------------------------------------------------------------------------- 72.0 91.8 18 51.8 26 5.5 25.2 3.68 0.3 21.6 8 SSW Max >= 80.0 24 Max <= 32.0 0 Min <= 32.0 0 Min <= 0.0 0 Max Rain: 1.22 on day 17 Days of Rain: 15 (>= 0.01 in) 9 (>= 0.10 in) 1 (>= 1.00 in) Heat Base: 60.0 Cool Base: 80.0 Method: Integration