NOAA-Style Climate Reports
Select a Year or Month report
2024: Jan Feb Mar Apr May Jun Jul Aug Sep Oct Nov Dec
2023: Jan Feb Mar Apr May Jun Jul Aug Sep Oct Nov Dec
2022: Jan Feb Mar Apr May Jun Jul Aug Sep Oct Nov Dec
2021: Jan Feb Mar Apr May Jun Jul Aug Sep Oct Nov Dec
2020: Jan Feb Mar Apr May Jun Jul Aug Sep Oct Nov Dec
2019: Jan Feb Mar Apr May Jun Jul Aug Sep Oct Nov Dec
2018: Jan Feb Mar Apr May Jun Jul Aug Sep Oct Nov Dec
2017: Jan Feb Mar Apr May Jun Jul Aug Sep Oct Nov Dec
2016: Jan Feb Mar Apr May Jun Jul Aug Sep Oct Nov Dec
2015: Jan Feb Mar Apr May Jun Jul Aug Sep Oct Nov Dec
2014: Jan Feb Mar Apr May Jun Jul Aug Sep Oct Nov Dec
2013: Jan Feb Mar Apr May Jun Jul Aug Sep Oct Nov Dec
2012: Jan Feb Mar Apr May Jun Jul Aug Sep Oct Nov Dec
2011: Jan Feb Mar Apr May Jun Jul Aug Sep Oct Nov Dec
2010: Jan Feb Mar Apr May Jun Jul Aug Sep Oct Nov Dec
2009: Jan Feb Mar Apr May Jun Jul Aug Sep Oct Nov Dec
2008: Jan Feb Mar Apr May Jun Jul Aug Sep Oct Nov Dec
2007: Jan Feb Mar Apr May Jun Jul Aug Sep Oct Nov Dec
2006: Jan Feb Mar Apr May Jun Jul Aug Sep Oct Nov Dec
2024: Jan Feb Mar Apr May Jun Jul Aug Sep Oct Nov Dec
2023: Jan Feb Mar Apr May Jun Jul Aug Sep Oct Nov Dec
2022: Jan Feb Mar Apr May Jun Jul Aug Sep Oct Nov Dec
2021: Jan Feb Mar Apr May Jun Jul Aug Sep Oct Nov Dec
2020: Jan Feb Mar Apr May Jun Jul Aug Sep Oct Nov Dec
2019: Jan Feb Mar Apr May Jun Jul Aug Sep Oct Nov Dec
2018: Jan Feb Mar Apr May Jun Jul Aug Sep Oct Nov Dec
2017: Jan Feb Mar Apr May Jun Jul Aug Sep Oct Nov Dec
2016: Jan Feb Mar Apr May Jun Jul Aug Sep Oct Nov Dec
2015: Jan Feb Mar Apr May Jun Jul Aug Sep Oct Nov Dec
2014: Jan Feb Mar Apr May Jun Jul Aug Sep Oct Nov Dec
2013: Jan Feb Mar Apr May Jun Jul Aug Sep Oct Nov Dec
2012: Jan Feb Mar Apr May Jun Jul Aug Sep Oct Nov Dec
2011: Jan Feb Mar Apr May Jun Jul Aug Sep Oct Nov Dec
2010: Jan Feb Mar Apr May Jun Jul Aug Sep Oct Nov Dec
2009: Jan Feb Mar Apr May Jun Jul Aug Sep Oct Nov Dec
2008: Jan Feb Mar Apr May Jun Jul Aug Sep Oct Nov Dec
2007: Jan Feb Mar Apr May Jun Jul Aug Sep Oct Nov Dec
2006: Jan Feb Mar Apr May Jun Jul Aug Sep Oct Nov Dec
Report for 2019 September
Monthly Climatological Summary for Sep 2019 Name: AR573 City: Poughkeepsie State: New York Elevation: 308 ft Lat: N 41 37 04 Lon: W 073 55 27 Temperature (°F), Rain (in), Wind Speed (mph) Heat Cool Avg Mean Deg Deg Wind Dom Day Temp High Time Low Time Days Days Rain Speed High Time Dir ---------------------------------------------------------------------------------- 01 66.3 77.9 16:08 55.2 04:07 1.1 0.0 0.00 0.1 7.2 17:51 ESE 02 68.8 79.3 17:10 62.3 04:14 0.0 0.0 0.53 0.2 9.6 14:55 SE 03 71.0 83.4 15:28 60.3 07:09 0.0 0.3 0.00 0.2 7.2 12:23 WSW 04 72.1 86.0 16:28 61.8 04:24 0.0 0.7 0.00 0.5 16.8 16:28 SW 05 64.6 74.7 15:00 56.0 07:15 0.6 0.0 0.00 0.1 10.8 11:57 NE 06 59.2 66.9 14:09 53.0 05:07 2.6 0.0 0.16 0.4 12.0 12:00 E 07 62.2 75.9 14:09 51.6 07:10 2.4 0.0 0.09 0.3 12.0 01:54 SW 08 65.8 77.5 15:37 55.6 05:02 1.0 0.0 0.00 0.3 10.8 15:49 SW 09 64.6 76.6 16:29 55.5 05:08 0.8 0.0 0.00 0.0 9.6 08:13 NNW 10 66.6 77.0 16:29 58.8 03:26 0.2 0.0 0.00 0.1 7.2 15:09 ESE 11 76.4 89.7 15:18 66.7 03:02 0.0 2.1 0.00 0.4 9.6 16:44 SW 12 64.6 73.2 00:00 57.7 23:55 0.1 0.0 0.00 0.1 10.8 08:12 N 13 60.9 72.2 14:05 50.5 07:37 2.3 0.0 0.00 0.6 12.0 12:35 ESE 14 63.8 69.5 15:37 58.2 04:36 0.4 0.0 0.08 0.1 7.2 12:40 SSE 15 69.5 80.7 15:03 62.8 07:55 0.0 0.0 0.01 0.2 9.6 16:01 SW 16 65.4 77.0 16:31 59.2 23:57 0.1 0.0 0.00 0.1 8.4 09:22 NW 17 63.1 76.0 14:41 51.2 07:25 2.1 0.0 0.00 0.2 12.0 14:06 N 18 58.2 70.7 16:45 48.3 04:33 4.4 0.0 0.00 0.2 9.6 12:33 E 19 56.9 72.8 16:17 42.0 07:35 6.2 0.0 0.00 0.1 6.0 10:28 WSW 20 61.2 80.5 15:25 42.9 04:23 5.1 0.0 0.00 0.1 6.0 13:24 SSW 21 67.0 87.0 16:47 50.6 04:41 2.4 0.7 0.00 0.1 4.8 12:47 W 22 70.8 89.7 15:54 53.3 07:24 1.5 2.0 0.00 ---- 9.6 15:15 SW 23 77.8 92.4 14:37 66.3 04:32 0.0 2.8 0.00 ---- 18.0 13:48 SW 24 66.9 75.2 15:35 56.8 23:27 0.1 0.0 0.00 ---- 18.0 13:36 SW 25 63.6 79.1 16:56 49.1 07:27 2.8 0.0 0.00 ---- 8.4 12:46 SSW 26 61.6 78.6 11:37 54.2 04:36 1.7 0.0 0.33 ---- 9.6 10:56 SW 27 61.4 74.8 15:01 50.8 07:34 2.9 0.0 0.00 ---- 8.4 13:01 SW 28 69.5 83.9 14:20 54.7 04:30 1.2 0.4 0.00 ---- 13.2 14:22 SW 29 66.1 73.1 14:52 54.8 23:58 0.6 0.0 0.00 ---- 12.0 12:57 NNE 30 59.2 69.2 14:12 48.7 07:30 3.3 0.0 0.02 ---- 7.2 21:49 S ---------------------------------------------------------------------------------- 65.5 92.4 23 42.0 19 45.9 9.0 1.22 0.2 18.0 23 S Max >= 80.0 9 Max <= 32.0 0 Min <= 32.0 0 Min <= 0.0 0 Max Rain: 0.53 on day 2 Days of Rain: 7 (>= 0.01 in) 3 (>= 0.10 in) 0 (>= 1.00 in) Heat Base: 60.0 Cool Base: 80.0 Method: Integration