NOAA-Style Climate Reports
Select a Year or Month report
2024: Jan Feb Mar Apr May Jun Jul Aug Sep Oct Nov Dec
2023: Jan Feb Mar Apr May Jun Jul Aug Sep Oct Nov Dec
2022: Jan Feb Mar Apr May Jun Jul Aug Sep Oct Nov Dec
2021: Jan Feb Mar Apr May Jun Jul Aug Sep Oct Nov Dec
2020: Jan Feb Mar Apr May Jun Jul Aug Sep Oct Nov Dec
2019: Jan Feb Mar Apr May Jun Jul Aug Sep Oct Nov Dec
2018: Jan Feb Mar Apr May Jun Jul Aug Sep Oct Nov Dec
2017: Jan Feb Mar Apr May Jun Jul Aug Sep Oct Nov Dec
2016: Jan Feb Mar Apr May Jun Jul Aug Sep Oct Nov Dec
2015: Jan Feb Mar Apr May Jun Jul Aug Sep Oct Nov Dec
2014: Jan Feb Mar Apr May Jun Jul Aug Sep Oct Nov Dec
2013: Jan Feb Mar Apr May Jun Jul Aug Sep Oct Nov Dec
2012: Jan Feb Mar Apr May Jun Jul Aug Sep Oct Nov Dec
2011: Jan Feb Mar Apr May Jun Jul Aug Sep Oct Nov Dec
2010: Jan Feb Mar Apr May Jun Jul Aug Sep Oct Nov Dec
2009: Jan Feb Mar Apr May Jun Jul Aug Sep Oct Nov Dec
2008: Jan Feb Mar Apr May Jun Jul Aug Sep Oct Nov Dec
2007: Jan Feb Mar Apr May Jun Jul Aug Sep Oct Nov Dec
2006: Jan Feb Mar Apr May Jun Jul Aug Sep Oct Nov Dec
2024: Jan Feb Mar Apr May Jun Jul Aug Sep Oct Nov Dec
2023: Jan Feb Mar Apr May Jun Jul Aug Sep Oct Nov Dec
2022: Jan Feb Mar Apr May Jun Jul Aug Sep Oct Nov Dec
2021: Jan Feb Mar Apr May Jun Jul Aug Sep Oct Nov Dec
2020: Jan Feb Mar Apr May Jun Jul Aug Sep Oct Nov Dec
2019: Jan Feb Mar Apr May Jun Jul Aug Sep Oct Nov Dec
2018: Jan Feb Mar Apr May Jun Jul Aug Sep Oct Nov Dec
2017: Jan Feb Mar Apr May Jun Jul Aug Sep Oct Nov Dec
2016: Jan Feb Mar Apr May Jun Jul Aug Sep Oct Nov Dec
2015: Jan Feb Mar Apr May Jun Jul Aug Sep Oct Nov Dec
2014: Jan Feb Mar Apr May Jun Jul Aug Sep Oct Nov Dec
2013: Jan Feb Mar Apr May Jun Jul Aug Sep Oct Nov Dec
2012: Jan Feb Mar Apr May Jun Jul Aug Sep Oct Nov Dec
2011: Jan Feb Mar Apr May Jun Jul Aug Sep Oct Nov Dec
2010: Jan Feb Mar Apr May Jun Jul Aug Sep Oct Nov Dec
2009: Jan Feb Mar Apr May Jun Jul Aug Sep Oct Nov Dec
2008: Jan Feb Mar Apr May Jun Jul Aug Sep Oct Nov Dec
2007: Jan Feb Mar Apr May Jun Jul Aug Sep Oct Nov Dec
2006: Jan Feb Mar Apr May Jun Jul Aug Sep Oct Nov Dec
Report for 2019 November
Monthly Climatological Summary for Nov 2019 Name: AR573 City: Poughkeepsie State: New York Elevation: 308 ft Lat: N 41 37 04 Lon: W 073 55 27 Temperature (°F), Rain (in), Wind Speed (mph) Heat Cool Avg Mean Deg Deg Wind Dom Day Temp High Time Low Time Days Days Rain Speed High Time Dir ---------------------------------------------------------------------------------- 01 48.8 68.4 00:00 37.2 23:58 8.5 0.0 0.12 2.6 22.8 09:54 SW 02 41.3 51.3 15:42 30.9 08:10 18.7 0.0 0.00 0.3 10.8 13:41 SE 03 42.5 53.1 12:43 35.2 02:31 18.2 0.0 0.00 0.9 15.6 09:50 SW 04 45.4 55.0 13:05 32.9 07:22 14.6 0.0 0.00 0.8 14.4 20:49 SSE 05 50.4 56.5 14:47 43.9 23:55 9.6 0.0 0.00 0.1 14.4 22:08 NW 06 44.6 54.1 14:09 37.5 22:46 15.4 0.0 0.00 0.7 12.0 09:46 SW 07 41.1 49.8 11:40 34.6 20:37 18.9 0.0 0.49 0.4 14.4 18:14 N 08 31.7 35.5 12:38 24.7 23:49 28.3 0.0 0.00 3.0 24.0 10:07 NNW 09 29.9 40.7 14:20 22.7 07:37 30.1 0.0 0.00 0.6 10.8 15:05 S 10 39.7 50.1 14:03 28.6 00:00 20.3 0.0 0.00 0.3 9.6 10:11 S 11 42.6 53.7 12:43 32.4 22:18 17.4 0.0 0.00 1.9 13.2 14:17 N 12 30.1 33.8 11:11 21.4 23:39 29.9 0.0 0.02 1.9 21.6 17:23 NW 13 24.1 31.1 14:11 19.3 07:26 35.9 0.0 0.00 1.7 18.0 09:28 N 14 29.6 39.3 14:07 19.3 01:47 30.4 0.0 0.00 0.5 12.0 12:27 S 15 38.8 50.1 14:38 29.3 01:57 21.2 0.0 0.00 1.5 14.4 21:48 WSW 16 31.5 38.2 00:00 22.4 23:56 28.5 0.0 0.00 5.3 19.2 12:39 N 17 28.7 38.0 14:11 20.2 01:41 31.3 0.0 0.00 4.0 12.0 12:54 NNW 18 35.3 38.4 12:05 32.4 02:00 24.7 0.0 0.54 4.0 14.4 08:29 N 19 36.9 40.4 14:39 33.2 08:00 23.1 0.0 0.53 0.1 6.0 01:09 N 20 37.3 42.1 14:56 35.2 22:40 22.7 0.0 0.00 2.1 14.4 09:10 N 21 40.7 50.1 14:18 33.8 01:13 19.3 0.0 0.00 0.6 8.4 09:35 N 22 42.8 48.6 11:26 32.5 23:59 17.2 0.0 0.08 1.6 24.0 16:28 WSW 23 36.7 44.3 14:21 31.1 02:23 23.3 0.0 0.12 0.2 10.8 10:27 SSW 24 36.3 39.5 14:54 34.1 01:55 23.7 0.0 1.11 2.0 21.6 12:04 NNW 25 41.9 52.6 13:15 35.5 01:36 18.1 0.0 0.00 0.4 9.6 00:21 SW 26 46.5 62.9 14:46 36.3 07:45 13.6 0.0 0.00 0.2 10.8 11:58 S 27 46.3 55.8 14:18 37.6 08:38 13.7 0.0 0.11 0.5 13.2 16:35 S 28 42.5 49.0 10:35 32.9 23:59 17.5 0.0 0.00 5.6 34.7 13:06 NNW 29 31.5 37.6 13:27 28.7 07:40 28.5 0.0 0.00 5.1 21.6 10:21 N 30 30.1 36.8 14:29 25.1 23:57 29.9 0.0 0.00 2.7 10.8 01:11 N ---------------------------------------------------------------------------------- 38.2 68.4 1 19.3 13 652.5 0.0 3.12 1.7 34.7 28 NNW Max >= 80.0 0 Max <= 32.0 1 Min <= 32.0 13 Min <= 0.0 0 Max Rain: 1.11 on day 24 Days of Rain: 9 (>= 0.01 in) 7 (>= 0.10 in) 1 (>= 1.00 in) Heat Base: 60.0 Cool Base: 80.0 Method: Integration