NOAA-Style Climate Reports
Select a Year or Month report
2024: Jan Feb Mar Apr May Jun Jul Aug Sep Oct Nov Dec
2023: Jan Feb Mar Apr May Jun Jul Aug Sep Oct Nov Dec
2022: Jan Feb Mar Apr May Jun Jul Aug Sep Oct Nov Dec
2021: Jan Feb Mar Apr May Jun Jul Aug Sep Oct Nov Dec
2020: Jan Feb Mar Apr May Jun Jul Aug Sep Oct Nov Dec
2019: Jan Feb Mar Apr May Jun Jul Aug Sep Oct Nov Dec
2018: Jan Feb Mar Apr May Jun Jul Aug Sep Oct Nov Dec
2017: Jan Feb Mar Apr May Jun Jul Aug Sep Oct Nov Dec
2016: Jan Feb Mar Apr May Jun Jul Aug Sep Oct Nov Dec
2015: Jan Feb Mar Apr May Jun Jul Aug Sep Oct Nov Dec
2014: Jan Feb Mar Apr May Jun Jul Aug Sep Oct Nov Dec
2013: Jan Feb Mar Apr May Jun Jul Aug Sep Oct Nov Dec
2012: Jan Feb Mar Apr May Jun Jul Aug Sep Oct Nov Dec
2011: Jan Feb Mar Apr May Jun Jul Aug Sep Oct Nov Dec
2010: Jan Feb Mar Apr May Jun Jul Aug Sep Oct Nov Dec
2009: Jan Feb Mar Apr May Jun Jul Aug Sep Oct Nov Dec
2008: Jan Feb Mar Apr May Jun Jul Aug Sep Oct Nov Dec
2007: Jan Feb Mar Apr May Jun Jul Aug Sep Oct Nov Dec
2006: Jan Feb Mar Apr May Jun Jul Aug Sep Oct Nov Dec
2024: Jan Feb Mar Apr May Jun Jul Aug Sep Oct Nov Dec
2023: Jan Feb Mar Apr May Jun Jul Aug Sep Oct Nov Dec
2022: Jan Feb Mar Apr May Jun Jul Aug Sep Oct Nov Dec
2021: Jan Feb Mar Apr May Jun Jul Aug Sep Oct Nov Dec
2020: Jan Feb Mar Apr May Jun Jul Aug Sep Oct Nov Dec
2019: Jan Feb Mar Apr May Jun Jul Aug Sep Oct Nov Dec
2018: Jan Feb Mar Apr May Jun Jul Aug Sep Oct Nov Dec
2017: Jan Feb Mar Apr May Jun Jul Aug Sep Oct Nov Dec
2016: Jan Feb Mar Apr May Jun Jul Aug Sep Oct Nov Dec
2015: Jan Feb Mar Apr May Jun Jul Aug Sep Oct Nov Dec
2014: Jan Feb Mar Apr May Jun Jul Aug Sep Oct Nov Dec
2013: Jan Feb Mar Apr May Jun Jul Aug Sep Oct Nov Dec
2012: Jan Feb Mar Apr May Jun Jul Aug Sep Oct Nov Dec
2011: Jan Feb Mar Apr May Jun Jul Aug Sep Oct Nov Dec
2010: Jan Feb Mar Apr May Jun Jul Aug Sep Oct Nov Dec
2009: Jan Feb Mar Apr May Jun Jul Aug Sep Oct Nov Dec
2008: Jan Feb Mar Apr May Jun Jul Aug Sep Oct Nov Dec
2007: Jan Feb Mar Apr May Jun Jul Aug Sep Oct Nov Dec
2006: Jan Feb Mar Apr May Jun Jul Aug Sep Oct Nov Dec
Report for 2020 February
Monthly Climatological Summary for Feb 2020 Name: AR573 City: Poughkeepsie State: New York Elevation: 308 ft Lat: N 41 37 04 Lon: W 073 55 27 Temperature (°F), Rain (in), Wind Speed (mph) Heat Cool Avg Mean Deg Deg Wind Dom Day Temp High Time Low Time Days Days Rain Speed High Time Dir ---------------------------------------------------------------------------------- 01 34.9 38.7 13:30 32.0 02:59 25.0 0.0 0.01 0.3 7.2 16:34 NNW 02 35.0 41.1 14:42 31.2 08:08 25.0 0.0 0.00 0.4 14.4 12:34 SW 03 41.3 52.5 15:19 32.8 01:08 18.7 0.0 0.00 1.5 13.2 13:08 WSW 04 41.7 53.0 15:05 34.1 03:08 18.3 0.0 0.00 1.9 13.2 23:45 NNW 05 35.7 41.3 00:00 32.7 22:56 24.3 0.0 0.00 2.7 14.4 09:22 N 06 32.5 36.7 22:32 29.6 02:44 27.5 0.0 0.29 1.1 15.6 21:32 N 07 34.5 40.3 13:43 29.6 23:08 25.5 0.0 0.16 2.3 31.1 14:56 SW 08 28.3 37.0 13:40 20.8 23:57 31.7 0.0 0.00 3.0 16.8 12:22 SW 09 25.3 34.3 15:22 19.1 03:02 34.7 0.0 0.00 1.2 8.4 02:42 N 10 37.9 44.0 15:19 30.0 00:00 22.1 0.0 0.16 0.1 8.4 09:52 WSW 11 37.7 40.3 18:28 35.2 23:56 22.3 0.0 0.05 1.0 9.6 23:16 NW 12 38.3 43.6 13:53 33.2 23:58 21.7 0.0 0.03 1.5 14.4 12:51 SSE 13 34.3 37.8 15:23 31.3 03:27 25.7 0.0 0.70 0.1 13.2 21:45 SW 14 24.3 34.2 01:24 10.5 23:51 35.7 0.0 0.00 3.2 19.2 13:36 N 15 18.4 29.2 14:54 7.5 02:55 41.6 0.0 0.00 1.5 12.0 12:04 ESE 16 33.4 44.3 14:57 24.6 03:42 26.6 0.0 0.00 0.5 13.2 12:16 S 17 36.8 48.3 14:35 29.8 23:58 23.2 0.0 0.00 1.6 12.0 15:58 N 18 34.5 40.6 13:55 28.6 02:54 25.5 0.0 0.11 1.7 14.4 12:41 E 19 36.3 43.7 12:34 26.0 23:58 23.7 0.0 0.00 2.0 26.4 14:15 NW 20 27.7 35.9 14:38 20.9 23:58 32.3 0.0 0.00 2.2 18.0 13:16 NW 21 24.5 34.2 16:00 16.1 03:27 35.5 0.0 0.00 1.4 12.0 09:07 N 22 35.5 47.7 14:05 25.0 01:04 24.5 0.0 0.00 1.5 16.8 14:35 SW 23 40.8 54.5 14:45 27.5 02:48 19.2 0.0 0.00 0.6 13.2 12:21 SSW 24 47.1 63.0 14:53 32.6 03:45 13.2 0.0 0.00 0.6 10.8 12:48 SSE 25 45.8 53.2 14:38 40.6 23:15 14.2 0.0 0.14 0.8 7.2 17:06 NW 26 39.9 44.9 23:29 36.8 08:01 20.1 0.0 0.03 1.9 16.8 22:11 NNW 27 37.3 44.9 00:00 28.0 22:26 22.7 0.0 0.07 4.4 28.8 12:49 SSW 28 30.2 37.4 13:23 25.0 07:23 29.8 0.0 0.00 2.7 26.4 11:41 SSW 29 26.7 34.0 12:14 19.6 23:55 33.3 0.0 0.00 2.5 22.8 13:10 SW ---------------------------------------------------------------------------------- 34.4 63.0 24 7.5 15 743.6 0.0 1.75 1.6 31.1 7 W Max >= 80.0 0 Max <= 32.0 1 Min <= 32.0 21 Min <= 0.0 0 Max Rain: 0.70 on day 13 Days of Rain: 11 (>= 0.01 in) 6 (>= 0.10 in) 0 (>= 1.00 in) Heat Base: 60.0 Cool Base: 80.0 Method: Integration