NOAA-Style Climate Reports
Select a Year or Month report
2024: Jan Feb Mar Apr May Jun Jul Aug Sep Oct Nov Dec
2023: Jan Feb Mar Apr May Jun Jul Aug Sep Oct Nov Dec
2022: Jan Feb Mar Apr May Jun Jul Aug Sep Oct Nov Dec
2021: Jan Feb Mar Apr May Jun Jul Aug Sep Oct Nov Dec
2020: Jan Feb Mar Apr May Jun Jul Aug Sep Oct Nov Dec
2019: Jan Feb Mar Apr May Jun Jul Aug Sep Oct Nov Dec
2018: Jan Feb Mar Apr May Jun Jul Aug Sep Oct Nov Dec
2017: Jan Feb Mar Apr May Jun Jul Aug Sep Oct Nov Dec
2016: Jan Feb Mar Apr May Jun Jul Aug Sep Oct Nov Dec
2015: Jan Feb Mar Apr May Jun Jul Aug Sep Oct Nov Dec
2014: Jan Feb Mar Apr May Jun Jul Aug Sep Oct Nov Dec
2013: Jan Feb Mar Apr May Jun Jul Aug Sep Oct Nov Dec
2012: Jan Feb Mar Apr May Jun Jul Aug Sep Oct Nov Dec
2011: Jan Feb Mar Apr May Jun Jul Aug Sep Oct Nov Dec
2010: Jan Feb Mar Apr May Jun Jul Aug Sep Oct Nov Dec
2009: Jan Feb Mar Apr May Jun Jul Aug Sep Oct Nov Dec
2008: Jan Feb Mar Apr May Jun Jul Aug Sep Oct Nov Dec
2007: Jan Feb Mar Apr May Jun Jul Aug Sep Oct Nov Dec
2006: Jan Feb Mar Apr May Jun Jul Aug Sep Oct Nov Dec
2024: Jan Feb Mar Apr May Jun Jul Aug Sep Oct Nov Dec
2023: Jan Feb Mar Apr May Jun Jul Aug Sep Oct Nov Dec
2022: Jan Feb Mar Apr May Jun Jul Aug Sep Oct Nov Dec
2021: Jan Feb Mar Apr May Jun Jul Aug Sep Oct Nov Dec
2020: Jan Feb Mar Apr May Jun Jul Aug Sep Oct Nov Dec
2019: Jan Feb Mar Apr May Jun Jul Aug Sep Oct Nov Dec
2018: Jan Feb Mar Apr May Jun Jul Aug Sep Oct Nov Dec
2017: Jan Feb Mar Apr May Jun Jul Aug Sep Oct Nov Dec
2016: Jan Feb Mar Apr May Jun Jul Aug Sep Oct Nov Dec
2015: Jan Feb Mar Apr May Jun Jul Aug Sep Oct Nov Dec
2014: Jan Feb Mar Apr May Jun Jul Aug Sep Oct Nov Dec
2013: Jan Feb Mar Apr May Jun Jul Aug Sep Oct Nov Dec
2012: Jan Feb Mar Apr May Jun Jul Aug Sep Oct Nov Dec
2011: Jan Feb Mar Apr May Jun Jul Aug Sep Oct Nov Dec
2010: Jan Feb Mar Apr May Jun Jul Aug Sep Oct Nov Dec
2009: Jan Feb Mar Apr May Jun Jul Aug Sep Oct Nov Dec
2008: Jan Feb Mar Apr May Jun Jul Aug Sep Oct Nov Dec
2007: Jan Feb Mar Apr May Jun Jul Aug Sep Oct Nov Dec
2006: Jan Feb Mar Apr May Jun Jul Aug Sep Oct Nov Dec
Report for 2020 April
Monthly Climatological Summary for Apr 2020 Name: AR573 City: Poughkeepsie State: New York Elevation: 308 ft Lat: N 41 37 04 Lon: W 073 55 27 Temperature (°F), Rain (in), Wind Speed (mph) Heat Cool Avg Mean Deg Deg Wind Dom Day Temp High Time Low Time Days Days Rain Speed High Time Dir ---------------------------------------------------------------------------------- 01 43.7 53.6 15:32 35.0 07:25 16.3 0.0 0.00 3.7 20.4 16:09 N 02 46.0 55.1 15:02 38.0 04:07 14.0 0.0 0.00 6.0 31.1 10:57 NNW 03 46.4 50.8 17:01 41.1 07:42 13.6 0.0 0.07 6.2 27.6 12:22 N 04 52.9 63.3 17:18 45.4 04:40 7.4 0.0 0.01 2.8 14.4 10:15 N 05 55.2 67.3 14:29 46.1 04:37 5.6 0.0 0.00 0.4 8.4 12:50 SSE 06 53.4 63.2 17:35 44.1 07:11 7.0 0.0 0.00 2.5 18.0 09:55 N 07 57.1 69.0 16:33 47.6 07:45 4.8 0.0 0.00 1.0 16.8 14:26 WSW 08 50.2 57.2 17:28 44.9 23:57 9.8 0.0 0.12 1.2 10.8 12:19 N 09 45.7 53.4 15:31 39.8 23:55 14.3 0.0 0.41 2.4 26.4 14:37 SSW 10 41.5 46.1 14:28 36.6 04:52 18.5 0.0 0.00 4.1 28.8 10:46 SW 11 43.9 52.6 16:43 36.8 07:03 16.1 0.0 0.00 2.7 18.0 08:10 WSW 12 49.8 63.4 13:52 32.4 05:38 10.3 0.0 0.00 1.9 19.2 13:58 ESE ---------------------------------------------------------------------------------- 48.8 69.0 7 32.4 12 137.7 0.0 0.61 2.9 31.1 2 NNW Max >= 80.0 0 Max <= 32.0 0 Min <= 32.0 0 Min <= 0.0 0 Max Rain: 0.41 on day 9 Days of Rain: 4 (>= 0.01 in) 2 (>= 0.10 in) 0 (>= 1.00 in) Heat Base: 60.0 Cool Base: 80.0 Method: Integration