NOAA-Style Climate Reports
Select a Year or Month report
2024: Jan Feb Mar Apr May Jun Jul Aug Sep Oct Nov Dec
2023: Jan Feb Mar Apr May Jun Jul Aug Sep Oct Nov Dec
2022: Jan Feb Mar Apr May Jun Jul Aug Sep Oct Nov Dec
2021: Jan Feb Mar Apr May Jun Jul Aug Sep Oct Nov Dec
2020: Jan Feb Mar Apr May Jun Jul Aug Sep Oct Nov Dec
2019: Jan Feb Mar Apr May Jun Jul Aug Sep Oct Nov Dec
2018: Jan Feb Mar Apr May Jun Jul Aug Sep Oct Nov Dec
2017: Jan Feb Mar Apr May Jun Jul Aug Sep Oct Nov Dec
2016: Jan Feb Mar Apr May Jun Jul Aug Sep Oct Nov Dec
2015: Jan Feb Mar Apr May Jun Jul Aug Sep Oct Nov Dec
2014: Jan Feb Mar Apr May Jun Jul Aug Sep Oct Nov Dec
2013: Jan Feb Mar Apr May Jun Jul Aug Sep Oct Nov Dec
2012: Jan Feb Mar Apr May Jun Jul Aug Sep Oct Nov Dec
2011: Jan Feb Mar Apr May Jun Jul Aug Sep Oct Nov Dec
2010: Jan Feb Mar Apr May Jun Jul Aug Sep Oct Nov Dec
2009: Jan Feb Mar Apr May Jun Jul Aug Sep Oct Nov Dec
2008: Jan Feb Mar Apr May Jun Jul Aug Sep Oct Nov Dec
2007: Jan Feb Mar Apr May Jun Jul Aug Sep Oct Nov Dec
2006: Jan Feb Mar Apr May Jun Jul Aug Sep Oct Nov Dec
2024: Jan Feb Mar Apr May Jun Jul Aug Sep Oct Nov Dec
2023: Jan Feb Mar Apr May Jun Jul Aug Sep Oct Nov Dec
2022: Jan Feb Mar Apr May Jun Jul Aug Sep Oct Nov Dec
2021: Jan Feb Mar Apr May Jun Jul Aug Sep Oct Nov Dec
2020: Jan Feb Mar Apr May Jun Jul Aug Sep Oct Nov Dec
2019: Jan Feb Mar Apr May Jun Jul Aug Sep Oct Nov Dec
2018: Jan Feb Mar Apr May Jun Jul Aug Sep Oct Nov Dec
2017: Jan Feb Mar Apr May Jun Jul Aug Sep Oct Nov Dec
2016: Jan Feb Mar Apr May Jun Jul Aug Sep Oct Nov Dec
2015: Jan Feb Mar Apr May Jun Jul Aug Sep Oct Nov Dec
2014: Jan Feb Mar Apr May Jun Jul Aug Sep Oct Nov Dec
2013: Jan Feb Mar Apr May Jun Jul Aug Sep Oct Nov Dec
2012: Jan Feb Mar Apr May Jun Jul Aug Sep Oct Nov Dec
2011: Jan Feb Mar Apr May Jun Jul Aug Sep Oct Nov Dec
2010: Jan Feb Mar Apr May Jun Jul Aug Sep Oct Nov Dec
2009: Jan Feb Mar Apr May Jun Jul Aug Sep Oct Nov Dec
2008: Jan Feb Mar Apr May Jun Jul Aug Sep Oct Nov Dec
2007: Jan Feb Mar Apr May Jun Jul Aug Sep Oct Nov Dec
2006: Jan Feb Mar Apr May Jun Jul Aug Sep Oct Nov Dec
Report for 2021 April
Monthly Climatological Summary for Apr 2021 Name: AR573 City: Wappingers Falls State: NY Elevation: 330 ft Lat: N 41° 37' 04" Lon: W 073° 55' 27" Temperature (°F), Rain (in), Wind Speed (mph) Heat Cool Avg Mean Deg Deg Wind Dom Day Temp High Time Low Time Days Days Rain Speed High Time Dir ---------------------------------------------------------------------------------- 01 41.5 56.2 00:00 34.8 23:51 0.0 23.2 0.12 3.8 25.0 00:28 N 02 31.1 35.4 18:48 25.3 07:40 0.0 12.8 0.00 2.7 16.0 15:10 NNW 03 38.8 52.2 17:22 26.6 04:04 17.8 2.1 0.00 0.8 11.0 14:56 NNW 04 46.8 58.8 16:30 32.5 04:20 16.4 0.0 0.00 1.7 15.0 20:45 NNW 05 53.6 65.7 15:36 42.9 04:35 11.5 0.0 0.00 3.1 22.0 17:53 NNW 06 53.9 64.8 17:33 42.6 05:16 11.1 0.0 0.00 2.1 15.0 12:31 N 07 57.0 69.1 15:26 44.3 07:21 8.6 0.0 0.00 2.1 12.0 11:29 NNE 08 59.2 73.7 16:29 45.6 05:11 7.6 0.0 0.00 0.8 9.0 17:20 S 09 56.2 68.8 13:28 44.8 05:07 9.1 0.0 0.00 0.6 12.0 13:48 S 10 60.3 73.9 14:21 50.5 04:23 6.5 0.0 0.00 0.5 10.0 14:22 S 11 57.0 66.0 12:33 48.3 22:56 8.0 0.0 0.09 2.0 19.0 19:14 ESE 12 47.9 54.5 14:45 44.7 03:44 17.1 0.0 0.37 1.2 10.0 15:57 ENE 13 52.5 65.1 16:40 40.8 04:45 12.4 0.0 0.00 1.0 11.0 11:17 N 14 58.8 73.0 13:33 43.5 05:22 7.6 0.0 0.00 0.5 12.0 17:52 SW 15 50.7 57.9 00:00 38.2 23:58 14.3 0.0 1.09 1.8 13.0 09:51 E 16 40.6 45.7 14:03 36.7 03:13 24.4 0.0 0.07 1.3 13.0 14:42 N 17 44.9 52.7 14:01 36.6 07:13 20.1 0.0 0.00 1.4 11.0 13:39 N 18 51.3 60.6 15:43 41.9 05:13 13.7 0.0 0.00 0.5 11.0 15:57 WSW 19 52.8 66.3 12:05 43.2 06:57 12.2 0.0 0.09 0.6 11.0 16:08 SE 20 55.4 72.5 13:38 40.3 05:22 10.9 0.0 0.01 1.4 15.0 11:02 NNW 21 45.1 66.2 13:41 35.8 23:50 19.9 0.0 0.52 1.9 24.0 14:18 NNW 22 37.8 45.7 15:57 30.7 04:02 27.2 0.0 0.00 2.8 22.0 18:51 WSW 23 47.9 61.6 16:27 32.8 05:11 17.0 0.0 0.00 2.1 17.0 02:02 SW 24 59.0 71.5 14:51 46.5 01:50 7.3 0.0 0.00 0.8 14.0 12:14 SSW 25 53.6 60.1 16:47 47.5 05:16 11.4 0.0 0.13 0.7 12.0 21:23 NNW 26 48.4 59.2 17:26 37.7 05:41 16.6 0.0 0.00 2.1 15.0 01:15 NNW 27 54.6 70.5 16:31 39.2 05:41 11.3 0.0 0.00 0.4 9.0 14:31 SSW 28 65.2 85.2 15:39 51.2 05:33 4.7 1.7 0.07 0.4 19.0 19:16 E 29 63.1 68.5 15:09 57.9 01:05 2.7 0.0 0.16 0.2 14.0 22:20 WSW 30 56.2 64.6 14:19 43.2 23:58 8.8 0.0 0.01 3.0 28.0 19:19 W ---------------------------------------------------------------------------------- 51.4 85.2 28 25.3 2 356.2 39.8 2.73 1.5 28.0 30 NNW Max >= 75.0 1 Max <= 65.0 15 Min <= 65.0 30 Min <= 65.0 30 Max Rain: 1.09 on day 15 Days of Rain: 3 (>= 0.20 in) 0 (>= 2.00 in) 0 (>= 20.00 in) Heat Base: 65.0 Cool Base: 75.0 Method: Integration