NOAA-Style Climate Reports
Select a Year or Month report
2024: Jan Feb Mar Apr May Jun Jul Aug Sep Oct Nov Dec
2023: Jan Feb Mar Apr May Jun Jul Aug Sep Oct Nov Dec
2022: Jan Feb Mar Apr May Jun Jul Aug Sep Oct Nov Dec
2021: Jan Feb Mar Apr May Jun Jul Aug Sep Oct Nov Dec
2020: Jan Feb Mar Apr May Jun Jul Aug Sep Oct Nov Dec
2019: Jan Feb Mar Apr May Jun Jul Aug Sep Oct Nov Dec
2018: Jan Feb Mar Apr May Jun Jul Aug Sep Oct Nov Dec
2017: Jan Feb Mar Apr May Jun Jul Aug Sep Oct Nov Dec
2016: Jan Feb Mar Apr May Jun Jul Aug Sep Oct Nov Dec
2015: Jan Feb Mar Apr May Jun Jul Aug Sep Oct Nov Dec
2014: Jan Feb Mar Apr May Jun Jul Aug Sep Oct Nov Dec
2013: Jan Feb Mar Apr May Jun Jul Aug Sep Oct Nov Dec
2012: Jan Feb Mar Apr May Jun Jul Aug Sep Oct Nov Dec
2011: Jan Feb Mar Apr May Jun Jul Aug Sep Oct Nov Dec
2010: Jan Feb Mar Apr May Jun Jul Aug Sep Oct Nov Dec
2009: Jan Feb Mar Apr May Jun Jul Aug Sep Oct Nov Dec
2008: Jan Feb Mar Apr May Jun Jul Aug Sep Oct Nov Dec
2007: Jan Feb Mar Apr May Jun Jul Aug Sep Oct Nov Dec
2006: Jan Feb Mar Apr May Jun Jul Aug Sep Oct Nov Dec
2024: Jan Feb Mar Apr May Jun Jul Aug Sep Oct Nov Dec
2023: Jan Feb Mar Apr May Jun Jul Aug Sep Oct Nov Dec
2022: Jan Feb Mar Apr May Jun Jul Aug Sep Oct Nov Dec
2021: Jan Feb Mar Apr May Jun Jul Aug Sep Oct Nov Dec
2020: Jan Feb Mar Apr May Jun Jul Aug Sep Oct Nov Dec
2019: Jan Feb Mar Apr May Jun Jul Aug Sep Oct Nov Dec
2018: Jan Feb Mar Apr May Jun Jul Aug Sep Oct Nov Dec
2017: Jan Feb Mar Apr May Jun Jul Aug Sep Oct Nov Dec
2016: Jan Feb Mar Apr May Jun Jul Aug Sep Oct Nov Dec
2015: Jan Feb Mar Apr May Jun Jul Aug Sep Oct Nov Dec
2014: Jan Feb Mar Apr May Jun Jul Aug Sep Oct Nov Dec
2013: Jan Feb Mar Apr May Jun Jul Aug Sep Oct Nov Dec
2012: Jan Feb Mar Apr May Jun Jul Aug Sep Oct Nov Dec
2011: Jan Feb Mar Apr May Jun Jul Aug Sep Oct Nov Dec
2010: Jan Feb Mar Apr May Jun Jul Aug Sep Oct Nov Dec
2009: Jan Feb Mar Apr May Jun Jul Aug Sep Oct Nov Dec
2008: Jan Feb Mar Apr May Jun Jul Aug Sep Oct Nov Dec
2007: Jan Feb Mar Apr May Jun Jul Aug Sep Oct Nov Dec
2006: Jan Feb Mar Apr May Jun Jul Aug Sep Oct Nov Dec
Report for 2021 December
Monthly Climatological Summary for Dec 2021 Name: AR573 City: Wappingers Falls State: NY Elevation: 330 ft Lat: N 41° 37' 04" Lon: W 073° 55' 27" Temperature (°F), Rain (in), Wind Speed (mph) Heat Cool Avg Mean Deg Deg Wind Dom Day Temp High Time Low Time Days Days Rain Speed High Time Dir ---------------------------------------------------------------------------------- 01 37.9 45.9 14:05 32.7 02:47 27.1 0.0 0.00 0.8 10.0 12:02 SSW 02 45.6 52.7 11:21 36.6 01:05 19.4 0.0 0.39 0.9 17.0 20:39 S 03 38.6 43.8 12:39 28.7 23:57 26.4 0.0 0.00 1.6 24.0 01:46 WSW 04 36.5 45.7 14:19 28.6 00:00 28.5 0.0 0.00 0.3 7.0 06:27 S 05 39.4 46.0 13:54 34.5 07:10 25.6 0.0 0.00 0.3 10.0 20:29 ESE 06 46.7 56.4 14:57 37.9 23:51 18.3 0.0 0.20 1.6 22.0 20:11 SSW 07 35.0 39.9 13:33 30.4 23:19 30.0 0.0 0.00 0.7 10.0 08:23 SW 08 31.3 35.1 14:29 28.9 06:53 33.7 0.0 0.00 0.9 7.0 18:36 NW 09 30.7 35.2 14:41 25.5 05:53 34.3 0.0 0.02 0.3 10.0 09:11 SSW 10 37.5 45.1 13:06 31.9 00:14 27.5 0.0 0.01 0.1 6.0 01:27 SSE 11 46.9 63.6 21:03 35.5 00:46 18.1 0.0 0.11 1.4 27.0 22:00 S 12 41.6 52.3 00:00 36.6 23:34 23.4 0.0 0.00 1.7 20.0 00:21 WSW 13 42.7 54.4 14:16 34.7 01:52 22.3 0.0 0.00 1.2 14.0 12:16 S 14 42.4 49.3 14:13 35.2 08:35 22.6 0.0 0.00 1.0 15.0 13:02 NNW 15 36.9 45.3 23:12 27.5 06:49 28.1 0.0 0.07 0.3 8.0 22:37 NW 16 53.1 61.6 13:46 45.0 00:00 11.9 0.0 0.00 1.0 11.0 09:36 S 17 51.0 56.8 13:53 38.8 23:36 14.0 0.0 0.00 1.4 17.0 05:54 SW 18 36.7 38.8 00:00 35.6 06:57 28.3 0.0 0.50 0.4 10.0 03:27 N 19 32.4 36.6 02:45 22.7 23:54 32.6 0.0 0.06 4.1 22.0 08:37 NNW 20 25.5 34.4 14:25 17.7 06:19 39.5 0.0 0.00 1.0 9.0 02:19 NW 21 32.3 40.6 13:53 27.1 05:06 32.7 0.0 0.00 0.6 12.0 05:20 S 22 34.8 45.5 12:33 31.1 01:19 30.2 0.0 0.25 1.3 16.0 14:01 W 23 29.0 33.2 14:20 25.0 23:57 36.0 0.0 0.00 1.3 17.0 12:19 NW 24 27.0 31.0 15:19 24.4 07:06 38.0 0.0 0.00 0.5 8.0 10:02 NNE 25 33.9 38.5 18:04 28.5 00:00 31.1 0.0 0.11 0.2 11.0 15:59 SSW 26 39.4 46.0 13:32 34.4 23:59 25.6 0.0 0.00 1.9 16.0 10:38 NW 27 30.1 34.5 00:41 28.5 07:29 34.9 0.0 0.00 1.3 12.0 03:45 N 28 36.3 44.2 11:50 29.3 00:00 28.7 0.0 0.10 1.0 13.0 21:01 SW 29 35.9 38.2 23:01 33.4 07:13 29.1 0.0 0.01 0.6 8.0 03:02 NNW 30 40.0 42.6 13:01 37.9 00:00 25.0 0.0 0.01 0.0 4.0 09:43 NNW 31 44.8 48.3 15:44 41.1 00:00 20.1 0.0 0.12 0.0 7.0 19:02 S ---------------------------------------------------------------------------------- 37.8 63.6 11 17.7 20 843.0 0.0 1.96 1.0 27.0 11 W Max >= 75.0 0 Max <= 65.0 31 Min <= 65.0 31 Min <= 65.0 31 Max Rain: 0.50 on day 18 Days of Rain: 4 (>= 0.20 in) 0 (>= 2.00 in) 0 (>= 20.00 in) Heat Base: 65.0 Cool Base: 75.0 Method: Integration