NOAA-Style Climate Reports
Select a Year or Month report
2024: Jan Feb Mar Apr May Jun Jul Aug Sep Oct Nov Dec
2023: Jan Feb Mar Apr May Jun Jul Aug Sep Oct Nov Dec
2022: Jan Feb Mar Apr May Jun Jul Aug Sep Oct Nov Dec
2021: Jan Feb Mar Apr May Jun Jul Aug Sep Oct Nov Dec
2020: Jan Feb Mar Apr May Jun Jul Aug Sep Oct Nov Dec
2019: Jan Feb Mar Apr May Jun Jul Aug Sep Oct Nov Dec
2018: Jan Feb Mar Apr May Jun Jul Aug Sep Oct Nov Dec
2017: Jan Feb Mar Apr May Jun Jul Aug Sep Oct Nov Dec
2016: Jan Feb Mar Apr May Jun Jul Aug Sep Oct Nov Dec
2015: Jan Feb Mar Apr May Jun Jul Aug Sep Oct Nov Dec
2014: Jan Feb Mar Apr May Jun Jul Aug Sep Oct Nov Dec
2013: Jan Feb Mar Apr May Jun Jul Aug Sep Oct Nov Dec
2012: Jan Feb Mar Apr May Jun Jul Aug Sep Oct Nov Dec
2011: Jan Feb Mar Apr May Jun Jul Aug Sep Oct Nov Dec
2010: Jan Feb Mar Apr May Jun Jul Aug Sep Oct Nov Dec
2009: Jan Feb Mar Apr May Jun Jul Aug Sep Oct Nov Dec
2008: Jan Feb Mar Apr May Jun Jul Aug Sep Oct Nov Dec
2007: Jan Feb Mar Apr May Jun Jul Aug Sep Oct Nov Dec
2006: Jan Feb Mar Apr May Jun Jul Aug Sep Oct Nov Dec
2024: Jan Feb Mar Apr May Jun Jul Aug Sep Oct Nov Dec
2023: Jan Feb Mar Apr May Jun Jul Aug Sep Oct Nov Dec
2022: Jan Feb Mar Apr May Jun Jul Aug Sep Oct Nov Dec
2021: Jan Feb Mar Apr May Jun Jul Aug Sep Oct Nov Dec
2020: Jan Feb Mar Apr May Jun Jul Aug Sep Oct Nov Dec
2019: Jan Feb Mar Apr May Jun Jul Aug Sep Oct Nov Dec
2018: Jan Feb Mar Apr May Jun Jul Aug Sep Oct Nov Dec
2017: Jan Feb Mar Apr May Jun Jul Aug Sep Oct Nov Dec
2016: Jan Feb Mar Apr May Jun Jul Aug Sep Oct Nov Dec
2015: Jan Feb Mar Apr May Jun Jul Aug Sep Oct Nov Dec
2014: Jan Feb Mar Apr May Jun Jul Aug Sep Oct Nov Dec
2013: Jan Feb Mar Apr May Jun Jul Aug Sep Oct Nov Dec
2012: Jan Feb Mar Apr May Jun Jul Aug Sep Oct Nov Dec
2011: Jan Feb Mar Apr May Jun Jul Aug Sep Oct Nov Dec
2010: Jan Feb Mar Apr May Jun Jul Aug Sep Oct Nov Dec
2009: Jan Feb Mar Apr May Jun Jul Aug Sep Oct Nov Dec
2008: Jan Feb Mar Apr May Jun Jul Aug Sep Oct Nov Dec
2007: Jan Feb Mar Apr May Jun Jul Aug Sep Oct Nov Dec
2006: Jan Feb Mar Apr May Jun Jul Aug Sep Oct Nov Dec
Report for 2022 March
Monthly Climatological Summary for Mar 2022 Name: AR573 City: Wappingers Falls State: NY Elevation: 330 ft Lat: N 41° 37' 04" Lon: W 073° 55' 27" Temperature (°F), Rain (in), Wind Speed (mph) Heat Cool Avg Mean Deg Deg Wind Dom Day Temp High Time Low Time Days Days Rain Speed High Time Dir ---------------------------------------------------------------------------------- 01 31.5 42.2 14:08 20.1 02:27 33.5 0.0 0.08 0.8 17.0 14:30 SE 02 39.5 47.0 15:14 35.6 00:11 25.5 0.0 0.00 0.8 10.0 10:13 WNW 03 32.6 42.0 00:33 19.7 23:56 32.4 0.0 0.08 3.6 19.0 03:17 NW 04 25.3 37.5 16:26 13.3 06:29 39.7 0.0 0.00 0.8 11.0 14:20 SSW 05 32.5 44.7 14:55 19.6 06:31 32.5 0.0 0.00 0.4 8.0 15:55 SE 06 50.2 65.6 16:05 36.9 03:28 14.8 0.0 0.12 1.8 19.0 14:27 S 07 49.4 62.8 00:06 42.2 07:03 15.6 0.0 0.24 1.9 38.0 21:42 WNW 08 38.1 43.9 15:09 31.9 23:12 26.9 0.0 0.00 2.4 21.0 08:58 WNW 09 31.1 33.7 09:36 29.3 02:44 33.9 0.0 0.00 0.4 6.0 11:55 NW 10 35.7 48.2 15:26 29.2 05:34 29.3 0.0 0.47 0.3 7.0 19:43 NNW 11 40.6 55.3 14:59 26.6 06:36 24.4 0.0 0.00 1.1 13.0 16:27 SE 12 30.0 41.4 02:18 19.8 17:48 35.1 0.0 0.02 4.3 27.0 13:17 NW 13 25.5 34.1 16:11 17.8 00:57 37.9 0.0 0.02 3.0 28.0 03:58 SSW 14 39.1 53.5 16:55 24.6 06:39 25.9 0.0 0.02 1.0 13.0 17:51 S 15 50.2 66.5 16:42 39.1 07:26 14.8 0.0 0.02 1.0 15.0 20:30 SSW 16 48.0 66.7 17:04 33.5 06:54 17.0 0.0 0.01 1.3 13.0 20:20 NW 17 46.2 51.0 17:55 40.2 05:22 18.8 0.0 0.19 0.4 6.0 12:56 NNW 18 57.5 74.6 17:02 48.1 05:40 8.9 0.0 0.00 0.3 9.0 20:23 E 19 56.7 68.7 16:49 50.9 07:01 8.4 0.0 0.24 0.8 10.0 20:31 ESE 20 50.0 55.5 10:20 41.2 21:54 15.0 0.0 0.02 1.4 19.0 22:46 WSW 21 49.0 59.4 15:06 37.5 07:17 16.0 0.0 0.00 2.3 18.0 13:56 WNW 22 45.1 54.4 14:50 36.3 07:04 19.9 0.0 0.00 2.4 20.0 15:32 NW 23 39.5 47.5 15:32 32.9 06:31 25.5 0.0 0.07 2.2 16.0 01:28 NNE 24 38.1 41.7 18:30 34.7 02:48 26.9 0.0 0.45 2.6 11.0 09:51 NNW 25 46.3 57.9 13:53 39.9 03:18 18.7 0.0 0.15 1.1 15.0 17:12 SSW 26 43.9 50.2 10:47 38.4 23:35 21.1 0.0 0.18 0.9 18.0 14:27 SSW 27 36.8 42.5 14:16 26.8 23:38 28.2 0.0 0.01 2.4 19.0 14:56 SW 28 23.5 28.5 14:22 20.0 07:00 41.5 0.0 0.00 3.7 22.0 14:23 W 29 27.9 36.2 17:23 19.7 06:00 37.1 0.0 0.00 3.8 23.0 10:09 NW 30 33.3 41.8 16:44 23.4 06:59 31.7 0.0 0.00 0.5 9.0 00:29 SSW 31 48.4 64.1 16:29 35.4 01:03 16.6 0.0 1.21 0.9 15.0 19:00 ESE ---------------------------------------------------------------------------------- 40.0 74.6 18 13.3 4 773.5 0.0 3.60 1.6 38.0 7 WNW Max >= 75.0 0 Max <= 65.0 26 Min <= 65.0 31 Min <= 65.0 31 Max Rain: 1.21 on day 31 Days of Rain: 5 (>= 0.20 in) 0 (>= 2.00 in) 0 (>= 20.00 in) Heat Base: 65.0 Cool Base: 75.0 Method: Integration