NOAA-Style Climate Reports
Select a Year or Month report
2024: Jan Feb Mar Apr May Jun Jul Aug Sep Oct Nov Dec
2023: Jan Feb Mar Apr May Jun Jul Aug Sep Oct Nov Dec
2022: Jan Feb Mar Apr May Jun Jul Aug Sep Oct Nov Dec
2021: Jan Feb Mar Apr May Jun Jul Aug Sep Oct Nov Dec
2020: Jan Feb Mar Apr May Jun Jul Aug Sep Oct Nov Dec
2019: Jan Feb Mar Apr May Jun Jul Aug Sep Oct Nov Dec
2018: Jan Feb Mar Apr May Jun Jul Aug Sep Oct Nov Dec
2017: Jan Feb Mar Apr May Jun Jul Aug Sep Oct Nov Dec
2016: Jan Feb Mar Apr May Jun Jul Aug Sep Oct Nov Dec
2015: Jan Feb Mar Apr May Jun Jul Aug Sep Oct Nov Dec
2014: Jan Feb Mar Apr May Jun Jul Aug Sep Oct Nov Dec
2013: Jan Feb Mar Apr May Jun Jul Aug Sep Oct Nov Dec
2012: Jan Feb Mar Apr May Jun Jul Aug Sep Oct Nov Dec
2011: Jan Feb Mar Apr May Jun Jul Aug Sep Oct Nov Dec
2010: Jan Feb Mar Apr May Jun Jul Aug Sep Oct Nov Dec
2009: Jan Feb Mar Apr May Jun Jul Aug Sep Oct Nov Dec
2008: Jan Feb Mar Apr May Jun Jul Aug Sep Oct Nov Dec
2007: Jan Feb Mar Apr May Jun Jul Aug Sep Oct Nov Dec
2006: Jan Feb Mar Apr May Jun Jul Aug Sep Oct Nov Dec
2024: Jan Feb Mar Apr May Jun Jul Aug Sep Oct Nov Dec
2023: Jan Feb Mar Apr May Jun Jul Aug Sep Oct Nov Dec
2022: Jan Feb Mar Apr May Jun Jul Aug Sep Oct Nov Dec
2021: Jan Feb Mar Apr May Jun Jul Aug Sep Oct Nov Dec
2020: Jan Feb Mar Apr May Jun Jul Aug Sep Oct Nov Dec
2019: Jan Feb Mar Apr May Jun Jul Aug Sep Oct Nov Dec
2018: Jan Feb Mar Apr May Jun Jul Aug Sep Oct Nov Dec
2017: Jan Feb Mar Apr May Jun Jul Aug Sep Oct Nov Dec
2016: Jan Feb Mar Apr May Jun Jul Aug Sep Oct Nov Dec
2015: Jan Feb Mar Apr May Jun Jul Aug Sep Oct Nov Dec
2014: Jan Feb Mar Apr May Jun Jul Aug Sep Oct Nov Dec
2013: Jan Feb Mar Apr May Jun Jul Aug Sep Oct Nov Dec
2012: Jan Feb Mar Apr May Jun Jul Aug Sep Oct Nov Dec
2011: Jan Feb Mar Apr May Jun Jul Aug Sep Oct Nov Dec
2010: Jan Feb Mar Apr May Jun Jul Aug Sep Oct Nov Dec
2009: Jan Feb Mar Apr May Jun Jul Aug Sep Oct Nov Dec
2008: Jan Feb Mar Apr May Jun Jul Aug Sep Oct Nov Dec
2007: Jan Feb Mar Apr May Jun Jul Aug Sep Oct Nov Dec
2006: Jan Feb Mar Apr May Jun Jul Aug Sep Oct Nov Dec
Report for 2023 March
Monthly Climatological Summary for Mar 2023 Name: AR573 City: Wappingers Falls State: NY Elevation: 330 ft Lat: N 41° 37' 04" Lon: W 073° 55' 27" Temperature (°F), Rain (in), Wind Speed (mph) Heat Cool Avg Mean Deg Deg Wind Dom Day Temp High Time Low Time Days Days Rain Speed High Time Dir ---------------------------------------------------------------------------------- 01 32.5 41.6 14:33 22.1 05:55 32.5 0.0 0.40 0.6 11.0 17:10 E 02 39.8 53.1 15:06 34.2 03:03 25.2 0.0 0.24 1.6 16.0 18:15 NW 03 37.0 45.0 15:33 29.5 06:42 28.0 0.0 0.00 2.1 15.0 18:31 NNE 04 34.6 39.3 14:38 31.5 06:37 30.4 0.0 0.71 3.7 18.0 09:40 NNW 05 39.9 47.2 12:31 33.2 06:18 25.1 0.0 0.03 0.8 13.0 16:25 NW 06 41.7 48.7 16:30 33.8 05:27 23.3 0.0 0.00 2.1 19.0 11:36 WNW 07 36.3 44.5 13:48 29.0 23:55 28.7 0.0 0.00 4.9 28.0 16:49 NW 08 33.6 41.7 14:24 27.4 02:54 31.4 0.0 0.00 5.8 26.0 14:26 NNW 09 36.0 44.0 15:56 29.2 04:13 29.0 0.0 0.00 3.7 21.0 14:57 NNW 10 35.2 44.6 13:41 26.8 06:05 29.8 0.0 0.31 0.9 9.0 01:49 N 11 34.1 38.8 16:04 31.3 07:41 30.9 0.0 0.37 3.5 21.0 12:18 NNW 12 36.5 45.1 15:48 26.9 07:21 27.3 0.0 0.00 1.1 10.0 00:04 NNW 13 37.7 41.6 13:48 32.3 23:53 27.3 0.0 0.34 1.4 13.0 23:20 NNE 14 32.3 35.3 23:16 30.8 04:08 31.7 0.0 0.10 1.2 19.0 23:57 NW 15 36.1 40.9 15:07 31.4 23:59 28.9 0.0 0.71 4.2 26.0 15:41 WNW 16 41.6 56.0 17:01 28.4 06:41 23.4 0.0 0.02 0.9 12.0 15:49 SSW 17 46.1 56.3 13:51 36.4 07:41 18.9 0.0 0.00 0.2 8.0 15:18 SE 18 44.6 50.9 01:38 37.8 23:59 20.4 0.0 0.00 1.8 16.0 22:20 WNW 19 31.1 37.8 00:00 24.9 07:10 33.9 0.0 0.00 2.3 20.0 17:01 SW 20 38.6 53.2 17:03 25.6 07:15 26.4 0.0 0.00 1.2 14.0 14:28 S 21 48.0 62.4 16:04 34.2 05:28 17.0 0.0 0.00 1.0 15.0 17:02 SSW 22 48.4 64.2 14:33 34.0 07:02 16.6 0.0 0.00 1.1 17.0 17:11 E 23 50.8 55.6 18:16 46.2 04:01 14.2 0.0 0.15 0.6 12.0 15:22 S 24 44.4 51.6 00:00 36.8 07:22 20.6 0.0 0.00 2.3 14.0 04:10 NNW 25 37.5 40.7 00:11 35.0 04:52 27.5 0.0 0.35 1.8 15.0 14:51 NNE 26 47.9 60.4 16:38 36.9 00:06 17.1 0.0 0.00 1.5 25.0 11:44 SW 27 46.1 60.6 15:16 33.6 07:29 18.9 0.0 0.07 0.8 12.0 18:12 N 28 42.4 50.5 16:30 36.7 07:47 22.6 0.0 0.00 2.8 21.0 11:44 NNW 29 43.5 55.4 16:42 31.8 07:10 21.5 0.0 0.01 1.4 15.0 23:18 SSE 30 35.5 43.1 16:49 28.0 06:36 29.5 0.0 0.00 2.7 20.0 15:59 WNW 31 39.0 48.9 14:38 25.9 05:32 25.9 0.0 0.00 0.7 14.0 13:58 ESE ---------------------------------------------------------------------------------- 39.6 64.2 22 22.1 1 783.9 0.0 3.81 2.0 28.0 7 NW Max >= 75.0 0 Max <= 65.0 31 Min <= 65.0 31 Min <= 65.0 31 Max Rain: 0.71 on day 4 Days of Rain: 8 (>= 0.20 in) 0 (>= 2.00 in) 0 (>= 20.00 in) Heat Base: 65.0 Cool Base: 75.0 Method: Integration