NOAA-Style Climate Reports
Select a Year or Month report
2024: Jan Feb Mar Apr May Jun Jul Aug Sep Oct Nov Dec
2023: Jan Feb Mar Apr May Jun Jul Aug Sep Oct Nov Dec
2022: Jan Feb Mar Apr May Jun Jul Aug Sep Oct Nov Dec
2021: Jan Feb Mar Apr May Jun Jul Aug Sep Oct Nov Dec
2020: Jan Feb Mar Apr May Jun Jul Aug Sep Oct Nov Dec
2019: Jan Feb Mar Apr May Jun Jul Aug Sep Oct Nov Dec
2018: Jan Feb Mar Apr May Jun Jul Aug Sep Oct Nov Dec
2017: Jan Feb Mar Apr May Jun Jul Aug Sep Oct Nov Dec
2016: Jan Feb Mar Apr May Jun Jul Aug Sep Oct Nov Dec
2015: Jan Feb Mar Apr May Jun Jul Aug Sep Oct Nov Dec
2014: Jan Feb Mar Apr May Jun Jul Aug Sep Oct Nov Dec
2013: Jan Feb Mar Apr May Jun Jul Aug Sep Oct Nov Dec
2012: Jan Feb Mar Apr May Jun Jul Aug Sep Oct Nov Dec
2011: Jan Feb Mar Apr May Jun Jul Aug Sep Oct Nov Dec
2010: Jan Feb Mar Apr May Jun Jul Aug Sep Oct Nov Dec
2009: Jan Feb Mar Apr May Jun Jul Aug Sep Oct Nov Dec
2008: Jan Feb Mar Apr May Jun Jul Aug Sep Oct Nov Dec
2007: Jan Feb Mar Apr May Jun Jul Aug Sep Oct Nov Dec
2006: Jan Feb Mar Apr May Jun Jul Aug Sep Oct Nov Dec
2024: Jan Feb Mar Apr May Jun Jul Aug Sep Oct Nov Dec
2023: Jan Feb Mar Apr May Jun Jul Aug Sep Oct Nov Dec
2022: Jan Feb Mar Apr May Jun Jul Aug Sep Oct Nov Dec
2021: Jan Feb Mar Apr May Jun Jul Aug Sep Oct Nov Dec
2020: Jan Feb Mar Apr May Jun Jul Aug Sep Oct Nov Dec
2019: Jan Feb Mar Apr May Jun Jul Aug Sep Oct Nov Dec
2018: Jan Feb Mar Apr May Jun Jul Aug Sep Oct Nov Dec
2017: Jan Feb Mar Apr May Jun Jul Aug Sep Oct Nov Dec
2016: Jan Feb Mar Apr May Jun Jul Aug Sep Oct Nov Dec
2015: Jan Feb Mar Apr May Jun Jul Aug Sep Oct Nov Dec
2014: Jan Feb Mar Apr May Jun Jul Aug Sep Oct Nov Dec
2013: Jan Feb Mar Apr May Jun Jul Aug Sep Oct Nov Dec
2012: Jan Feb Mar Apr May Jun Jul Aug Sep Oct Nov Dec
2011: Jan Feb Mar Apr May Jun Jul Aug Sep Oct Nov Dec
2010: Jan Feb Mar Apr May Jun Jul Aug Sep Oct Nov Dec
2009: Jan Feb Mar Apr May Jun Jul Aug Sep Oct Nov Dec
2008: Jan Feb Mar Apr May Jun Jul Aug Sep Oct Nov Dec
2007: Jan Feb Mar Apr May Jun Jul Aug Sep Oct Nov Dec
2006: Jan Feb Mar Apr May Jun Jul Aug Sep Oct Nov Dec
Report for 2023 October
Monthly Climatological Summary for Oct 2023 Name: AR573 City: Wappingers Falls State: NY Elevation: 330 ft Lat: N 41° 37' 04" Lon: W 073° 55' 27" Temperature (°F), Rain (in), Wind Speed (mph) Heat Cool Avg Mean Deg Deg Wind Dom Day Temp High Time Low Time Days Days Rain Speed High Time Dir ---------------------------------------------------------------------------------- 01 63.8 75.2 15:53 55.1 07:19 3.8 0.0 0.01 1.6 18.0 16:09 N 02 65.5 76.4 15:14 56.1 23:59 2.6 0.1 0.00 0.8 10.0 14:03 NNW 03 65.3 85.4 17:00 51.7 04:59 4.9 1.5 0.00 0.0 6.0 14:10 SE 04 69.3 87.2 16:41 60.2 07:18 1.4 1.9 0.01 0.0 4.0 17:25 N 05 66.9 80.2 15:14 57.8 05:58 1.9 0.7 0.01 0.1 8.0 15:18 SSE 06 65.6 70.7 16:09 61.9 01:11 0.9 0.0 0.02 0.0 6.0 05:47 E 07 60.4 66.4 10:48 50.7 23:58 4.9 0.0 1.20 0.6 13.0 14:20 NNW 08 52.2 61.9 15:00 45.7 07:26 12.8 0.0 0.00 1.5 17.0 17:34 S 09 50.2 60.3 13:58 43.0 07:30 14.8 0.0 0.00 0.6 12.0 10:58 S 10 51.9 63.9 16:35 44.0 07:24 13.1 0.0 0.00 0.4 12.0 15:18 SSE 11 55.2 69.3 15:23 46.6 01:16 10.1 0.0 0.00 0.3 12.0 14:19 S 12 56.6 71.0 15:55 44.8 07:30 9.1 0.0 0.00 0.7 12.0 20:14 N 13 53.3 63.6 15:22 43.2 07:18 11.7 0.0 0.00 1.0 19.0 10:46 NNW 14 48.4 52.8 10:57 46.5 04:16 16.6 0.0 0.25 0.2 6.0 23:24 N 15 50.7 58.7 14:59 46.0 23:54 14.3 0.0 0.01 1.9 13.0 19:08 NNW 16 52.1 62.1 14:43 45.0 05:34 12.9 0.0 0.00 1.3 19.0 16:08 NNW 17 53.5 60.6 14:11 49.2 23:44 11.5 0.0 0.00 0.8 14.0 10:10 N 18 54.1 63.0 14:48 48.5 07:19 10.9 0.0 0.00 0.0 4.0 13:12 N 19 54.4 65.7 15:10 45.6 06:48 10.7 0.0 0.00 0.5 12.0 12:45 SSE 20 57.4 62.5 14:09 54.3 01:58 7.6 0.0 1.13 0.0 9.0 14:17 E 21 56.0 59.9 16:22 53.8 23:57 9.0 0.0 0.70 1.1 15.0 16:52 SSW 22 49.9 54.7 12:35 44.4 23:40 15.1 0.0 0.00 1.7 16.0 14:12 S 23 49.4 60.8 15:11 41.8 07:28 15.6 0.0 0.00 1.4 14.0 00:40 NNW 24 48.9 65.8 15:47 36.3 04:23 16.1 0.0 0.00 0.3 11.0 13:11 SSE 25 60.2 76.0 16:09 45.9 04:57 7.0 0.0 0.00 0.7 10.0 12:58 SSE 26 66.9 81.5 15:07 57.5 07:08 2.4 0.8 0.00 0.6 9.0 13:31 SSE 27 67.1 78.6 15:55 60.7 08:43 1.0 0.3 0.00 0.6 10.0 14:28 SSE 28 67.0 79.3 13:32 54.9 23:59 2.0 0.4 0.00 1.5 14.0 22:43 WNW 29 47.6 54.9 00:00 43.6 21:48 17.4 0.0 0.87 2.8 18.0 10:10 NNW 30 46.9 50.4 16:38 43.6 00:00 18.1 0.0 0.42 0.7 12.0 20:37 NNW 31 43.5 48.8 14:44 37.2 06:53 21.5 0.0 0.00 0.7 10.0 11:59 NNW ---------------------------------------------------------------------------------- 56.5 87.2 4 36.3 24 301.7 5.7 4.63 0.8 19.0 13 NNW Max >= 75.0 9 Max <= 65.0 16 Min <= 65.0 31 Min <= 65.0 31 Max Rain: 1.20 on day 7 Days of Rain: 6 (>= 0.20 in) 0 (>= 2.00 in) 0 (>= 20.00 in) Heat Base: 65.0 Cool Base: 75.0 Method: Integration